True
Is 7386275671 composite?
False
Is 542332771 a composite number?
False
Is 10070059799 a composite number?
False
Is 109762307 a composite number?
False
Is 19601443451 prime?
True
Is 14553054259 prime?
False
Is 1565401819 a composite number?
False
Is 4217101139 a composite number?
True
Is 123477815149 a composite number?
True
Is 404989959271 prime?
False
Is 14516956453 a composite number?
True
Is 80716673 composite?
False
Is 58904583457 a composite number?
True
Is 321113113 composite?
False
Is 1449529447 composite?
True
Is 1928462933 a prime number?
False
Is 18125513389 a prime number?
True
Is 11060200147 prime?
False
Is 4556831753 a composite number?
False
Is 4437679849 composite?
False
Is 2915628553 a prime number?
True
Is 7576249003 prime?
True
Is 2041640561 a prime number?
True
Is 12325084717 a prime number?
False
Is 279834391 a composite number?
False
Is 6655495681 composite?
False
Is 46812082081 composite?
False
Is 30873085207 a composite number?
False
Is 7002920461 a composite number?
True
Is 1142802637 prime?
True
Is 648090301 a composite number?
False
Is 16611776567 prime?
True
Is 465735979 prime?
False
Is 949711097 prime?
False
Is 12393601549 prime?
False
Is 44459668237 a composite number?
False
Is 27503490673 a composite number?
False
Is 443519621 prime?
True
Is 412276489 a prime number?
True
Is 333211699 composite?
True
Is 621987739 a prime number?
False
Is 53852862319 a composite number?
True
Is 3230134685 a prime number?
False
Is 7594680481 composite?
True
Is 43653674873 prime?
True
Is 1218728767 a prime number?
False
Is 108867470237 a composite number?
False
Is 2988458843 a composite number?
True
Is 127490927 a composite number?
False
Is 7612173421 a prime number?
False
Is 102807542821 a composite number?
True
Is 1333576663 prime?
False
Is 5958314471 a prime number?
False
Is 706902773 composite?
True
Is 1523969753 a composite number?
True
Is 27859828319 a prime number?
True
Is 2570183801 composite?
False
Is 16653421963 prime?
True
Is 10323185359 composite?
False
Is 16554783083 a composite number?
False
Is 3023900809 composite?
False
Is 6655601059 prime?
True
Is 742562869 a prime number?
True
Is 218722703 a prime number?
True
Is 1529629499 composite?
True
Is 48964961 a composite number?
False
Is 127445406239 prime?
True
Is 20095050229 prime?
True
Is 30816739 composite?
False
Is 3017343793 prime?
True
Is 177922963 a prime number?
False
Is 752773237 a composite number?
False
Is 732720203 composite?
False
Is 124792103 a prime number?
True
Is 13626840902 prime?
False
Is 31096231211 a composite number?
False
Is 1944509059 a prime number?
False
Is 6411469859 a composite number?
False
Is 1834808951 a composite number?
False
Is 62685967 a prime number?
False
Is 21455517946 prime?
False
Is 4759635521 prime?
True
Is 129768205771 a prime number?
False
Is 80514421241 prime?
True
Is 5930305309 composite?
True
Is 374196737 prime?
False
Is 274515793 composite?
False
Is 10931969669 a composite number?
False
Is 3995525159 composite?
False
Is 2966447733 prime?
False
Is 11087845921 a prime number?
True
Is 23427110879 a prime number?
False
Is 143683369 prime?
False
Is 2618908037 prime?
False
Is 21470307623 prime?
False
Is 395278129 prime?
False
Is 394637389 prime?
True
Is 295327973 a prime number?
True
Is 5248954427 a prime number?
True
Is 573780299 a composite number?
False
Is 71160959 prime?
False
Is 14340625301 a composite number?
False
Is 31534953995 composite?
True
Is 49312736809 a composite number?
True
Is 1080418121 a composite number?
False
Is 421470527 prime?
True
Is 19552908289 composite?
True
Is 8691716218 a prime number?
False
Is 832302209 prime?
False
Is 176934853 a composite number?
False
Is 1488805133 a composite number?
True
Is 1669107665 composite?
True
Is 5505489251 composite?
True
Is 18050446027 a composite number?
False
Is 684491831 composite?
False
Is 24105014113 a composite number?
False
Is 2473342303 a prime number?
True
Is 12427021007 a composite number?
False
Is 643456277 a composite number?
True
Is 3819626711 composite?
False
Is 1479053711 a composite number?
False
Is 224534699 composite?
False
Is 1113848003 prime?
True
Is 455732759 composite?
True
Is 466168873 prime?
False
Is 40605598907 composite?
False
Is 2105450671 a prime number?
False
Is 373023769 a composite number?
True
Is 44257881403 composite?
False
Is 41462017 composite?
False
Is 44103031757 a composite number?
False
Is 39202043 composite?
False
Is 14161631357 a composite number?
True
Is 235083907 composite?
True
Is 235422701 a composite number?
False
Is 238681259 a composite number?
False
Is 1869270791 prime?
True
Is 5569431317 a composite number?
False
Is 23104681 a composite number?
False
Is 44573254045 a composite number?
True
Is 31414932019 a composite number?
False
Is 16110868637 prime?
True
Is 6380535553 a composite number?
True
Is 252861827 prime?
False
Is 14669569813 a composite number?
False
Is 2955817811 a composite number?
False
Is 705446717 composite?
False
Is 957516641 prime?
True
Is 140503177 composite?
False
Is 5720636693 prime?
False
Is 1178656345 a prime number?
False
Is 518920781 composite?
True
Is 6799201382 prime?
False
Is 563098253 a prime number?
False
Is 14973351721 a composite number?
False
Is 7710895657 prime?
True
Is 43693821559 composite?
False
Is 4980226931 a prime number?
False
Is 639784589 a composite number?
True
Is 3460215901 a prime number?
True
Is 25945300219 composite?
True
Is 4990857013 a prime number?
True
Is 5729703937 composite?
False
Is 46623821641 composite?
False
Is 268144127 a composite number?
False
Is 1826075231 a prime number?
False
Is 634509641 prime?
True
Is 3972665819 prime?
True
Is 1775667457 composite?
False
Is 28455289 composite?
False
Is 6066604261 composite?
True
Is 2194569959 a composite number?
True
Is 120890907143 composite?
True
Is 10076245951 a prime number?
True
Is 9919912231 prime?
False
Is 260333426 prime?
False
Is 151991989 prime?
False
Is 12196226983 composite?
True
Is 40663895653 a prime number?
False
Is 14856638603 prime?
True
Is 15032225711 composite?
False
Is 83561592911 prime?
True
Is 24625086529 a prime number?
True
Is 2318737513 composite?
True
Is 3931682099 composite?
False
Is 125229467 prime?
False
Is 512900489 prime?
False
Is 24641263567 prime?
True
Is 28743275453 a prime number?
False
Is 3941852909 composite?
False
Is 40479589741 prime?
True
Is 1902508435 prime?
False
Is 233363891 prime?
True
Is 183967279 composite?
False
Is 59196320737 prime?
True
Is 247253720639 composite?
False
Is 939308791 composite?
True
Is 428326357 composite?
False
Is 24273047 a prime number?
False
Is 15222536227 a prime number?
True
Is 22320359021 a composite number?
False
Is 19287272863 composite?
True
Is 1317742361 a composite number?
True
Is 42921804713 a composite number?
True
Is 156711431 a composite number?
True
Is 43243670537 composite?
True
Is 38415413 a composite number?
True
Is 63119243449 composite?
False
Is 530462089 a prime number?
True
Is 268511731 a prime number?
True
Is 339267915289 a prime number?
False
Is 6254308561 a prime number?
False
Is 21625695827 prime?
True
Is 85140701 prime?
True
Is 1848111889 a composite number?
True
Is 27601056899 a prime number?
False
Is 3637761817 a prime number?
True
Is 22061008891 a prime number?
True
Is 8159214673 composite?
False
Is 474854993 a composite number?
True
Is 1602852479 prime?
False
Is 1041333695 a prime number?
False
Is 3419792113 composite?
False
Is 201778351 prime?
False
Is 179468033 composite?
False
Is 17101591831 composite?
True
Is 25224813847 prime?
False
Is 371417062 prime?
False
Is 553665251 prime?
True
Is 3632620109 composite?
False
Is 76238497243 composite?
False
Is 182245389577 composite?
True
Is 2225738797 prime?
True
Is 294111427 a prime number?
False
Is 553223543 a composite number?
False
Is 610487177 a prime number?
True
Is 11656295491 composite?
False
Is 22524349109 composite?
False
Is 14321008883 prime?
False
Is 7439189379 composite?
True
Is 1300625099 a prime number?
False
Is 204243566 a composite number?
True
Is 25672095719 a prime number?
True
Is 140194723 prime?
False
Is 28133947 prime?
False
Is 128788852219 composite?
False
Is 164688187 prime?
False
Is 20510137 prime?
True
Is 57788053054 a prime number?
False
Is 9250460651 a